t are the prime factors of v(b)?
2, 5
Suppose -17*r + 1651 = -2055. What are the prime factors of r?
2, 109
Suppose -j + 11 = -91. Let g = j - 43. What are the prime factors of g?
59
Suppose 20*d - 13*d + 63 = 0. What are the prime factors of 3/((d/131)/(-3))?
131
Suppose -c = -1483 - 393. List the prime factors of c.
2, 7, 67
Let n be 19*1 + 1 + -4. Let x = 36 - n. List the prime factors of x.
2, 5
Let x(f) = -f - 7. Let h be x(-9). Suppose h*s = -2*s - 216. Let c = s + 77. List the prime factors of c.
23
Let l(k) = -6*k**3 + 3. Let h be l(-2). Suppose v - 85 = h. What are the prime factors of v?
2, 17
Let v(y) = 2*y - 2. Let x be v(6). Let m(w) = 5*w - 14. What are the prime factors of m(x)?
2, 3
List the prime factors of 3463 + (8 - -24)/8.
3467
Let m = 0 - -9. Suppose 2*z = -4*o + 18, -5*o - m + 33 = z. Suppose 17 = 4*c + o. What are the prime factors of c?
3
Suppose -12 = -3*d, 6*v - 7*v + 5*d = -1405. List the prime factors of v.
3, 5, 19
Let p = -1448 + 2137. List the prime factors of p.
13, 53
Let k be 3/(-6)*8/(-2). Suppose -k*a + 8 + 28 = 0. What are the prime factors of a?
2, 3
Suppose 3*m = -t - 0*t + 361, 2*t + 230 = 2*m. List the prime factors of m.
7, 17
Let p(h) be the first derivative of -h**3/3 - 2*h**2 - 3*h - 7. Let k be p(-3). Suppose k*t - 3*i - 31 = -5*t, 3*t = 2*i + 18. List the prime factors of t.
2
Let c be 14/(-49) + 324/7. Suppose 8*a = 2 + c. What are the prime factors of 33 + a + -3 + -1?
5, 7
Let s = 1594 - 1063. Suppose 5*x = s - 36. Suppose -3*i + 4*g + x = 5*g, 0 = 2*i + 4*g - 56. List the prime factors of i.
2, 17
List the prime factors of (3080/(-80))/(3 + 201/(-66)).
7, 11
Suppose -5*h + 3060 = -l, 5*h - 2*l = 77 + 2983. List the prime factors of h.
2, 3, 17
Let k(z) = -z**2 - 8*z + 4. Let g be k(-4). Suppose -22*i + g = -18*i. Suppose 142 = i*u + 47. List the prime factors of u.
19
Let a = -135 + 333. Suppose 0*v = -3*v + a. List the prime factors of v.
2, 3, 11
Suppose o = z - 5 - 81, -5*o - 169 = -2*z. Suppose -54 - 2 = r. Let m = z + r. List the prime factors of m.
31
Suppose 2 + 6 = -f. List the prime factors of (-1315)/f - (-9)/(-24).
2, 41
Let j = -1044 + 2016. List the prime factors of j.
2, 3
Let m(a) = 1097*a**3 - 8*a**2 + 11*a - 2. List the prime factors of m(1).
2, 3, 61
Suppose -13*x - 382 = 268. Let t = 230 + x. What are the prime factors of t?
2, 3, 5
Suppose 2*h + v - 2746 = 0, 3*h + 11*v = 7*v + 4129. List the prime factors of h.
3, 457
Let q be (75/(-2))/(2/(-8)). Suppose q = 3*i + 2*i. What are the prime factors of i?
2, 3, 5
Let s = -11 + 12. Let h = -16 + 27. Suppose s - h = -5*b. What are the prime factors of b?
2
Let w(b) = 14*b**3 - 4*b**2 + 4*b - 1. Let m = 3 + -1. What are the prime factors of w(m)?
103
Let g(q) = q**2 - q + 2. Let f(x) = x**3 - 10*x**2 + 8*x + 5. Let z be f(9). Let b be g(z). Suppose -89 - b = -3*s. List the prime factors of s.
37
Suppose 45*x - 32*x - 30654 = 0. What are the prime factors of x?
2, 3, 131
Suppose -68*o = -57*o - 7700. What are the prime factors of o?
2, 5, 7
Let b(l) be the second derivative of -5*l**4/12 - l**3/6 - 4*l**2 + 7*l. Let j be b(11). List the prime factors of j/(-21) - (-8)/28.
2, 3, 5
Let s(y) = -y**2 + 11*y + 25. Suppose -2*q = -6 - 18. What are the prime factors of s(q)?
13
List the prime factors of (-20535)/(-33) - (-51)/(-187).
2, 311
Suppose -4*v - 694 + 2466 = 0. What are the prime factors of v?
443
Let t(c) = 4*c**2 + 2*c - 2. Let a be t(-3). Let q be (-1)/1 - 3/(6/(-50)). Let k = a + q. What are the prime factors of k?
2, 13
Suppose a + 5*n - 36 = 0, -6*n = -4*a - 2*n + 216. Let k = 76 - a. List the prime factors of k.
5
List the prime factors of ((-1865)/10 - -7)*(-2 + 0).
359
Let m = 5223 - 2393. What are the prime factors of m/15 + (15/(-9) - -1)?
2, 47
Let h be (0 + -2)*(-290)/(-4). Let n = -86 - h. Suppose -3*g = -19 - n. List the prime factors of g.
2, 13
Let h be 2/1 - 2*38/(-4). Suppose h = -3*n - 4*r + 289, 2*n - 172 = 4*r. List the prime factors of n.
2, 11
Suppose -2*u + 5*k + 66 = 0, -u - k + 36 = -5*k. Suppose -u*v + 30*v - 180 = 0. List the prime factors of v.
2, 3, 5
Let h = 20 - 16. Let j(r) = r - 7. Let o be j(h). Let m = o - -49. List the prime factors of m.
2, 23
Let k(i) = -100*i + 13. Let d be k(2). Let z = d + 402. What are the prime factors of z?
5, 43
Suppose 2*u + 540 = 3*u + 3*z, -2*z = -u + 540. List the prime factors of u.
2, 3, 5
List the prime factors of (-333)/54 + 6 - 33375/(-18).
2, 3, 103
Let h(c) = -7 + 9*c**2 + 26*c + 18*c + 22 - 57*c. List the prime factors of h(6).
3, 29
Let d = 65 - 51. What are the prime factors of d?
2, 7
Suppose 0 = -3*y + 15, f - 4*f = 2*y - 16. Suppose -4*d - 5*k + 116 = 0, -116 = f*d - 6*d + 2*k. What are the prime factors of d?
29
Let b(m) = -1317*m**3 + 4*m**2 - 2*m - 4. What are the prime factors of b(-1)?
1319
Let q(b) = 4*b**2 + 31*b - 14. What are the prime factors of q(-11)?
3, 43
List the prime factors of 624/28*910/15.
2, 13
Suppose 65*a - 37334 = 27471. List the prime factors of a.
997
What are the prime factors of (224/1)/((-13 + -1)/(-182))?
2, 7, 13
Let a = -16 + 9. Let m(k) = -7*k - 20. List the prime factors of m(a).
29
Let t(j) = -j**3 - 7*j**2 + 9*j + 10. Let h be t(-8). Let c(f) = 5*f**h - 5 + 4*f**2 - 8*f**2 + 3 + 7*f. What are the prime factors of c(-9)?
2
Let k be (-4)/12 - (-8)/(-3). Let s(x) = -32*x - 10. Let l be s(k). Suppose -6 = 4*d - l. What are the prime factors of d?
2, 5
Let b(w) = 11*w**3 - w. Let k be b(1). Suppose -2*v - k = 28. Let d = 31 + v. List the prime factors of d.
2, 3
Let y be ((-60)/8)/((-3)/(-28)). List the prime factors of (-2912)/y - 2/(-5).
2, 3, 7
Let s(h) = h**3 + 19*h**2 + 17*h + 37. Suppose -13*o - 144 = -5*o. What are the prime factors of s(o)?
5, 11
Let z be ((-34)/(-3) - 2)*3. Suppose 4*v - t - 20 = 0, t + z = 2*v - 4*t. Suppose -3*q + v = -q. List the prime factors of q.
2
Let r(l) = 3*l**2 - 4. Let o be r(11). Suppose 5 = 4*f - o. What are the prime factors of f?
7, 13
Suppose 29 - 4 = 5*k. Suppose -k = 4*t - 25. Suppose u - 35 + t = 0. What are the prime factors of u?
2, 3, 5
List the prime factors of (-225)/12*-13 + 18/72.
2, 61
Suppose 0 = -3*p + 2218 + 617. List the prime factors of p.
3, 5, 7
Let c = -37 - -64. Suppose c + 1 = -4*f. What are the prime factors of (-541)/f + (-4)/14?
7, 11
Suppose -2*u - 84 = 298. Let m = u - -413. Suppose -2*f + m = f. What are the prime factors of f?
2, 37
Suppose x - 2*t = 87, -5*x - 3*t = -5*t - 475. Let l = -162 + x. Let a = -39 - l. What are the prime factors of a?
2, 13
Suppose 4*b - 4*k = 12, 2*b + 3*k - 6*k = 9. Suppose b*n + 4*f + 17 = 3*n, 4*n = 2*f + 36. List the prime factors of n.
11
Suppose l = -13 + 563. List the prime factors of l.
2, 5, 11
Let x be (-24)/10*130/(-39). Suppose -6*z + x*z + 55 = k, 4*k + z = 202. List the prime factors of k.
3, 17
Suppose 932*o = 944*o - 4740. List the prime factors of o.
5, 79
Suppose -4*o = 12*c - 11*c - 4944, 6180 = 5*o + 5*c. List the prime factors of o.
2, 3, 103
Let x(k) = 2*k**2 + 6*k - 8. Let d(m) = -m**3 - 18*m**2 - 18*m - 24. Let z be d(-17). List the prime factors of x(z).
2, 3
Suppose -4*f + n = 1448, -3*f = -3*n + 2*n + 1085. List the prime factors of f/(-3) + (-2 - -1*3).
2, 61
Let p = -222 - -70. Let k = -79 - p. List the prime factors of k.
73
Let z(d) = 9*d + 6. Let a be z(-3). Let b be ((-55)/(-3))/(3/9). Let v = a + b. What are the prime factors of v?
2, 17
Let a(r) = 520*r**2 + 2*r + 4. List the prime factors of a(-1).
2, 3, 29
Suppose -3*b + 24 = -4*b. Let g be b/(-9)*9/(-3). List the prime factors of 0 - (g + 0 - -3).
5
Let l = 37 + -23. Suppose 3*y - 4 = l. Let a = y - -27. List the prime factors of a.
3, 11
Let m(n) be the second derivative of n**4/6 + 7*n**3/3 + 17*n**2 - 18*n. What are the prime factors of m(-10)?
2, 47
Let k = 22 + -23. List the prime factors of (-18)/10*k*5.
3
Let j = 1 - -3. List the prime factors of (j + -3 + -48)/(-1).
47
Let q = -263 + 389. What are the prime factors of ((-12)/(-18))/(4/q)?
3, 7
Let b be (3 + 1)/(-4*5/(-40)). Suppose h + 2*u - 19 = -b, 4*h - 8 = u. What are the prime factors of h?
3
Let t be (15 + -17)*6/(-4). Suppose 5*o = -t*h + 152, 4*h + 3*o = -13 + 201. List the prime factors of h.
2, 11
Let v(n) = -2*n**2 + 8*n + 2. Let t be v(6). Let h = -31 - t. 